29, 4*y - 51 = h. Suppose -5 - 1 = -3*z. Suppose -i - 26 = -z*i. What is the greatest common divisor of i and y?
13
Suppose 7*o + 1452 = 9*o. Suppose 11*y - 2134 - o = 0. What is the greatest common divisor of 20 and y?
20
Suppose 2*n + 3 = -3*w, -6*n + 2*n + 4 = -4*w. Let v be (w - -21) + 6/(-9)*-6. What is the greatest common factor of 312 and v?
24
Suppose -3*x + 4*q - 22 = -420, 0 = 4*x + 4*q - 484. Let j be (-4)/6*-12 + (-329942)/(-8290) + (-6)/(-5). Calculate the greatest common divisor of x and j.
7
Suppose 3*f = -h + 5, 5*h - 5 - 20 = f. Let x be (15/10)/(h/10). Suppose 9*w - 231 = 2*w. Calculate the greatest common divisor of w and x.
3
Suppose 41*s = -137*s + 42*s + 4080. What is the highest common divisor of 2655 and s?
15
Suppose 163*g - 308 - 1147 = 66*g. What is the greatest common divisor of 912 and g?
3
Suppose -54*s + 2*n + 3211 = -51*s, 5*s - 5*n - 5350 = 0. Calculate the greatest common factor of 204 and s.
51
Let p(b) = b**3 + 26*b**2 + 42*b - 53. Let d be p(-24). Let j = -118 - -231. Suppose j = 5*l + 48. Calculate the greatest common factor of d and l.
13
Suppose 3*l - 583 = -5*h, l + 4*h + 23 = 229. Let o be l/45 + -4 - (-208)/15. Calculate the highest common divisor of 56 and o.
14
Suppose -16 = -12*i + 8. Let o be (5/(-5) - (-3)/i)*988. What is the highest common factor of 38 and o?
38
Let r(k) = -106*k + 1109. Let s be r(10). Calculate the highest common divisor of s and 1.
1
Let i(q) = 2*q + 53. Let b be i(-24). Let j(u) = 2*u**2 - 11*u + 40. Let x be j(b). Let l be 3*(x/21 + 4/6). What is the greatest common factor of 7 and l?
7
Let p(c) = -c**2 - 2*c + 323. Let m be p(0). Suppose -4*v = -9*v + 4*s + 533, -4*s - m = -3*v. What is the greatest common factor of v and 140?
35
Suppose -444 + 169 = -5*m. Let a = -53 + m. Suppose -2*v = p - 20 - 7, -a*v + 30 = -2*p. What is the highest common factor of 7 and v?
7
Suppose -2*x - 5*q + 155 = 0, 235 = 2*x + 2*x - 5*q. Suppose 3*o = o + 112. Suppose -3*v = -4*b - 4*v + o, 4 = v. What is the highest common factor of b and x?
13
Let x(m) = 2*m**2 + 29*m + 26. Let v be x(-13). Let a(h) = -7*h - 65. Let d be a(v). Let p be 1/(3/6) - -76. What is the highest common divisor of d and p?
26
Suppose 0 = 3*c + y - 67 + 64, 0 = -4*y - 12. Suppose 0 = -9*i + 4*i. Suppose 0*x + c*x - 72 = i. What is the greatest common divisor of x and 12?
12
Suppose -5*f + 6655 = -5*l, 41*f - 39*f - 2655 = -5*l. What is the highest common factor of 170 and f?
10
Suppose 20 = 4*c + 2*u, 28 = 5*c + 2*u + 2*u. Let t be c/6 - 1/((-9)/561). What is the highest common factor of t and 42?
21
Suppose -5*y - 4*j + 475 = -7*j, -j + 87 = y. Calculate the greatest common factor of 322 and y.
46
Suppose 15*m - 13*m = -a + 6, -18 = -5*a - 4*m. Suppose 540 = a*k + 18*k. Calculate the greatest common divisor of 12 and k.
3
Suppose -15*v = 53 - 353. Calculate the greatest common factor of v and 2020.
20
Let q = 318 - 217. Let j = q - 131. Let i be (0 + (-4)/14)/(j/3570). What is the greatest common divisor of i and 85?
17
Let s = -20428 - -21458. Calculate the highest common factor of 5562 and s.
206
Let d(a) = -a**3 + 6*a**2 - a - 7. Let k be d(7). Let b = k - -63. Suppose b = -6*r + 2*r + 1452. Calculate the greatest common divisor of r and 33.
33
Let g = -1665 - -2862. Suppose 10*q = q + g. What is the greatest common divisor of 7 and q?
7
Let q = 99 + -84. Let n be (10/q)/2*144. What is the highest common divisor of n and 32?
16
Let f(b) = 2*b**2 + 8*b - 3. Let m be f(-6). Let y(s) = -18*s + 65. Let a be y(13). Let q = a - -176. What is the greatest common divisor of m and q?
7
Let b = 1 - -9. Suppose -151*f = -4*w - 152*f + 453, 0 = 4*w - 3*f - 401. Calculate the highest common factor of b and w.
10
Suppose 332 = 9*k + 314. Let d = -11 - -36. Suppose 0 = -3*b + 5*a + 52, 6*a - k*a = -5*b + d. What is the greatest common factor of b and 27?
9
Suppose 5*s = 3*t - t + 20, -4*t = -s - 14. Suppose -7 - 17 = s*o. Let n be (27 + -5)*o/(-2). Calculate the greatest common divisor of 11 and n.
11
Suppose 25*l = 234*l - 5434. What is the greatest common divisor of l and 1274?
26
Suppose 43670 + 40750 = 21*g. Calculate the greatest common factor of g and 60.
60
Let t(p) = -3*p**3 + 2*p**2 - 16*p - 36. Let r be t(-9). Calculate the highest common divisor of r and 182.
91
Suppose 9*j - 5*j = 544. Let g = -5223 - -5239. What is the highest common factor of j and g?
8
Let n(m) = 2*m + 69. Let l be n(10). Suppose l = p - b, 4*b - 9*b + 283 = 3*p. Calculate the highest common divisor of 26 and p.
13
Let p be 1/(-4)*-4*1. Let r(t) = -3*t + 14. Let w be r(1). Suppose 0 = -3*y - 3, -19*y = -l - 17*y + w. What is the highest common divisor of l and p?
1
Let w = -1305 + 1353. Let j(y) = 5*y**2 + y + 18. Let v be j(9). What is the highest common factor of w and v?
48
Let w(f) = -541*f - 6. Let x be w(-1). Suppose 0 = 37*c - x - 1500. Calculate the greatest common factor of 11 and c.
11
Suppose 2*w - 2 = -3*x, -2*x - 75 + 32 = -5*w. Suppose 118 = -12*b + 166. Suppose 0 = b*j - 68*j + 2240. Calculate the highest common divisor of j and w.
7
Suppose 6*m = -332 + 956. Let b be 88/(-14) + (-18)/(-63). Let h be (b*24/27)/(2/(-3)). What is the greatest common divisor of m and h?
8
Let v = -10754 + 11434. Calculate the highest common divisor of v and 425.
85
Let a = -130 - -144. Let u(p) = 5*p - 52. Let v be u(a). What is the highest common divisor of 24 and v?
6
Let l be ((-10)/3)/(1/(-3)). Let o = -239 + 234. Let r = o - -95. Calculate the highest common factor of l and r.
10
Let r(g) be the third derivative of 7*g**4/8 - 2*g**3 + 28*g**2. Let s be r(3). Suppose -105 = -12*b + s. Calculate the highest common divisor of 13 and b.
13
Let x = 48 - 47. Let b be ((-40)/5)/(x + -2) - -1. Suppose -22 = 7*r - b*r. Calculate the greatest common factor of r and 88.
11
Let l be 17 + (-20 - -5) + 11690/(2 - 1). What is the highest common divisor of 148 and l?
148
Suppose -3*t = -5*t. Suppose -i - 2*i + 3 = t. Let k = -5940 + 5950. What is the greatest common divisor of i and k?
1
Let y = 10 - 17. Let z(j) = 6*j**2 + 14*j + 26. Let d be z(y). Let k = -15 + d. Calculate the greatest common factor of 23 and k.
23
Let b = 2413 + -2403. What is the greatest common factor of 4 and b?
2
Let d be -1*1*(84 - -12). Let g = d + 220. Let z = g + -73. What is the greatest common divisor of z and 17?
17
Let k(g) = -40*g**3 - 13*g**2 - 9*g + 2. Let d be k(-2). Calculate the highest common divisor of d and 252.
36
Let j = 98 - 96. Suppose 8*x - 540 = -j*x. What is the greatest common divisor of x and 12?
6
Suppose -225 = 4*c - 9*c. Let p be (-14 - 1)/(80/(-32)). Suppose -s - 4*s + 37 = v, p*v - 166 = -2*s. Calculate the greatest common divisor of v and c.
9
Let l be (-408)/68*((-3)/(-3) + (-87)/6). What is the greatest common factor of 5184 and l?
81
Suppose -15*x = -885 - 240. Suppose 0 = -8*u + x + 205. What is the greatest common factor of u and 28?
7
Let m(x) = -35 + 19 + 16 + 17*x. Let s be m(2). What is the greatest common factor of s and 102?
34
Let d = 40 - 37. Suppose 1520 = d*f + 13*f. What is the highest common divisor of 5 and f?
5
Let r be 2/5*(-8)/((-120)/282975). What is the highest common factor of 44 and r?
22
Suppose -33*k + 62310 = -19*k + 17*k. Calculate the greatest common factor of 15 and k.
15
Suppose -39 - 25 = -4*d. Suppose 0 = -d*z + 1200 + 160. What is the highest common factor of 68 and z?
17
Let s be (5 - 15/5)*308/22. Calculate the greatest common factor of s and 356.
4
Let s(o) = 2*o**2 + 5. Let m be s(0). Suppose 4*p - 124 = -4*t + 2*t, -m*p = t - 155. What is the greatest common divisor of 31 and p?
31
Let z(c) = 251*c + 1092. Let r(f) = 64*f + 273. Let x(l) = -9*r(l) + 2*z(l). Let w be x(-8). Calculate the highest common factor of w and 33.
11
Suppose -4*j + 42 = -2*w, 0*j - j - 4*w = 3. Let y(x) = -2*x**3 + 20*x**2 - 14*x + 5. Let c be y(j). Calculate the greatest common divisor of 369 and c.
41
Let l = -124 + 0. Let x = l + 189. Let n = -51 + x. Calculate the highest common factor of 56 and n.
14
Let h be -28*(-2 - -8)/(-6) + -11. What is the highest common factor of 5117 and h?
17
Let z(n) = 10*n + 8. Suppose -3*i - 35 = 2*i. Let o be z(i). Let y = -20 - o. Calculate the greatest common factor of y and 28.
14
Let d = -68 - -95. Sup